 (base 5) in base 8?
-67714
Convert 1340621 (base 7) to base 14.
48c11
Convert 3221230001 (base 4) to base 10.
957185
What is 101010110101100001 (base 2) in base 16?
2ad61
Convert 3202732 (base 8) to base 15.
11cd2b
Convert 4360 (base 14) to base 10.
11648
-1266558 (base 10) to base 6
-43051410
Convert 118f9 (base 16) to base 12.
35761
What is -8b098 (base 13) in base 11?
-162a10
Convert -515352 (base 11) to base 12.
-33a6a3
Convert 1332033003 (base 4) to base 5.
113021214
Convert 628114 (base 13) to base 15.
3073e7
4b460 (base 14) to base 5
21402331
-1ac74a4 (base 13) to base 5
-4234224120
4b5bb8 (base 16) to base 7
56656325
What is 21326643 (base 7) in base 9?
3376703
141671 (base 15) to base 16
ec032
Convert 10062436 (base 10) to base 5.
10033444221
What is -64303613 (base 7) in base 11?
-30a1987
606bb (base 13) to base 12
83a1a
-26356 (base 14) to base 2
-10110111100001000
Convert -27162800 (base 9) to base 10.
-13386546
-ebe2 (base 16) to base 4
-32233202
342520 (base 7) to base 3
10002122011
227203 (base 8) to base 16
12e83
-10212022110101 (base 3) to base 8
-7652116
What is 37725651 (base 8) in base 11?
47a529a
Convert -56502 (base 8) to base 12.
-11996
What is -1012102120210 (base 3) in base 7?
-5265636
-110221000122 (base 3) to base 12
-1032b2
Convert -1cc29 (base 14) to base 6.
-1325205
-136734 (base 9) to base 10
-83704
60ec3 (base 15) to base 11
19a797
What is -1555105 (base 9) in base 3?
-1121212010012
166727 (base 11) to base 5
31222014
What is 1c6856 (base 13) in base 16?
b1e36
Convert -1201601 (base 7) to base 8.
-450535
What is 97635a (base 11) in base 10?
1560360
Convert -5437997 (base 10) to base 12.
-19a2ba5
What is 2070232 (base 9) in base 7?
12266144
-1100011100100010 (base 2) to base 9
-76832
What is 8f6f8 (base 16) in base 6?
20331544
What is 373c1c (base 14) in base 13?
51381c
-a76c0 (base 15) to base 10
-531405
-532406 (base 8) to base 5
-21134124
Convert -1101014 (base 6) to base 14.
-15cc2
What is -b96 (base 16) in base 15?
-d2b
1458817 (base 10) to base 16
164281
Convert -b471 (base 16) to base 2.
-1011010001110001
Convert -1a0d61 (base 14) to base 12.
-3870b5
60662 (base 12) to base 13
45098
-354cdc (base 15) to base 10
-2547657
Convert 70a9 (base 16) to base 6.
341305
15d78a (base 14) to base 3
1102222020000
Convert -111000001010101100 (base 2) to base 10.
-230060
-10001100011011011101 (base 2) to base 8
-2143335
5626565 (base 10) to base 2
10101011101101011000101
Convert -60a90b (base 12) to base 13.
-40c034
Convert -6958a (base 11) to base 6.
-2053224
What is 226d64 (base 15) in base 10?
1643269
10110110101001111000 (base 2) to base 8
2665170
What is d01e (base 15) in base 2?
1010101110000000
3227253 (base 9) to base 13
487a9a
2a90559 (base 12) to base 10
8647701
What is 9dcc1 (base 14) in base 6?
12121253
Convert d4343d (base 15) to base 3.
200222101122111
Convert -183052 (base 9) to base 10.
-113771
Convert -23032222 (base 4) to base 16.
-b3aa
What is 121101231 (base 5) in base 4?
2022020320
What is -103424143 (base 6) in base 4?
-13010223333
-311011010 (base 4) to base 13
-77c60
20121221200222 (base 3) to base 9
6557628
100000101001001111011100 (base 2) to base 7
132511034
Convert 2539133 (base 10) to base 4.
21223321331
-120010122110021 (base 3) to base 10
-8043388
What is -5041d (base 16) in base 2?
-1010000010000011101
What is -3223024 (base 7) in base 5?
-100024120
-30324241 (base 5) to base 7
-2041644
Convert -6aa02 (base 12) to base 11.
-985a6
1321003 (base 6) to base 7
422142
What is 1c5688 (base 16) in base 5?
433412120
11111110000110110000 (base 2) to base 7
11563310
What is 1325651 (base 7) in base 8?
525505
Convert 1011010110001001000001 (base 2) to base 5.
1230134043
What is -39662a (base 11) in base 10?
-623666
-92557 (base 11) to base 16
-20fba
Convert -48091 (base 15) to base 4.
-320010010
12001233000 (base 4) to base 16
181bc0
What is 841613 (base 12) in base 3?
10220111000120
-63322 (base 14) to base 6
-5044030
What is b7c338 (base 13) in base 11?
2484a73
What is -1111000111000010111 (base 2) in base 5?
-111321002
Convert 389779 (base 16) to base 7.
43344544
Convert -8d618 (base 16) to base 4.
-2031120120
What is -250545054 (base 6) in base 10?
-4804090
Convert 10112224 (base 5) to base 15.
19544
What is 12357674 (base 8) in base 15?
3931a2
1724430 (base 9) to base 4
3222222111
What is -46583 (base 15) in base 7?
-1622025
Convert -7ac41 (base 15) to base 11.
-247751
-20312322 (base 4) to base 6
-435550
What is -102cc2 (base 14) in base 9?
-1021662
-a41ac7 (base 14) to base 4
-111013300033
Convert -12002121220201 (base 3) to base 9.
-5077821
What is -112113020102 (base 4) in base 10?
-5861906
What is b566 (base 16) in base 13?
181a2
-1120201122112 (base 3) to base 6
-30005322
-34110045 (base 6) to base 13
-2a3455
What is -5ca27 (base 14) in base 15?
-473d8
What is 153552 (base 6) in base 4?
3230030
What is 214216 (base 10) in base 4?
310103020
211021320213 (base 4) to base 16
949e27
-208a8 (base 12) to base 7
-235433
What is 1031014423 (base 5) in base 7?
24510500
-acd8 (base 15) to base 2
-1000111100101101
What is 763978 (base 15) in base 8?
25367226
-28062 (base 15) to base 9
-215042
Convert -1101030331 (base 6) to base 8.
-55026357
-233420553 (base 6) to base 9
-8204456
-32653424 (base 9) to base 11
-8a12929
-1987ba (base 14) to base 4
-3131130300
What is -74070416 (base 8) in base 2?
-111100000111000100001110
What is 101102022020220 (base 3) in base 9?
11368226
Convert 8c9b14 (base 15) to base 12.
22ba261
What is -a71781 (base 11) in base 8?
-6426100
-b3ac6 (base 14) to base 8
-1515456
What is 163edc (base 15) in base 13?
2b905c
-37350 (base 8) to base 7
-64644
What is -15c1394 (base 14) in base 4?
-220300023212
Convert 5115511 (base 7) to base 6.
21021221
What is 88a367 (base 12) in base 14?
408579
-1001210 (base 3) to base 15
-36c
What is 2122120000021 (base 3) in base 7?
14654140
Convert 101011111101111010 (base 2) to base 13.
63c81
Convert 400354 (base 8) to base 5.
13200213
-20352607 (base 9) to base 10
-9777841
What is -150370 (base 9) in base 3?
-11200102100
What is 34031003 (base 5) in base 14?
7acc6
18060 (base 14) to base 16
ec24
What is -40266341 (base 7) in base 4?
-30300200222
Convert 51941 (base 10) to base 5.
3130231
What is -20feb (base 16) in base 9?
-225343
121568 (base 11) to base 6
4042251
Convert -1740312 (base 9) to base 11.
-603814
-1548d3 (base 15) to base 16
-faf9e
What is 690811 (base 11) in base 10?
1099055
What is 3258684 (base 9) in base 6?
101313204
Convert 1000000110110110110100 (base 2) to base 6.
113315020
What is 5cdab (base 14) in base 11?
146097
Convert -11211001120122 (base 3) to base 14.
-4a8ccd
75238 (base 10) to base 7
432232
201212121112 (base 3) to base 14
a27c2
-363a5 (base 13) to base 6
-2044403
What is 183256 (base 13) in base 16?
9423d
-9969a (base 15) to base 6
-14240531
Convert -133223210330 (base 4) to base 5.
-4111224311
Convert -4849 (base 13) to base 14.
-3a09
What is 1556223 (base 9) in base 16?
d2f30
Convert -111010101101010 (base 2) to base 3.
-1112020021
Convert -1013302 (base 4) to base 10.
-4594
-324656 (base 7) to base 14
-16a66
-7f85a (base 16) to base 13
-153993
What is -110120010120020 (base 3) in base 13?
-14c93ac
Convert -1736201 (base 8) to base 5.
-112211014
Convert -3287352 (base 10) to base 13.
-8b13a3
Convert 11617637 (base 8) to base 15.
359a84
Convert 117322a (base 14) to base 2.
11111110101010101100110
Convert 10100011111010100 (base 2) to base 15.
19cee
-27577576 (base 8) to base 11
-357258a
21500116 (base 8) to base 6
243010330
-1b54973 (base 12) to base 8
-26204547
What is -223132012 (base 4) in base 3?
-100001020121
Convert 22013 (base 14) to base 2.
10100000110100001
Convert -103402411 (base 5) to base 16.
-6df34
22033321312 (base 4) to base 7
31556413
What is -3a6156 (base 15) in base 6?
-140041443
-112101002211012 (base 3) to base 5
-3423422221
4250422 (base 7) to base 2
1111110000101001011
1c0639 (base 16) to base 8
7003071
-1980bb (base 14) to base 12
-378159
Convert -ca09d3 (base 14) to base 2.
-11010000101111010111101
What is -26668 (base 12) in base 4?
-30320300
What is 128032 (base 9) in base 6?
1401132
Convert -4550 (base 11) to base 10.
-5984
Convert 85ce9 (base 16) to base 9.
1024730
What is 15914